*l + 39. Calculate the remainder when 126 is divided by l.
9
Suppose 15 + 79 = 2*d. Suppose -3*s + o = -4*o - 45, -5*s + d = o. Suppose 5*h = 4*p + 8*h - s, 6 = p - h. Calculate the remainder when 23 is divided by p.
3
Suppose u + 2*u + 30 = 3*o, -3*o = 5*u - 6. Let g = 3548 - 3545. Suppose 5*z + 2*q - 6 = -2*q, 5*z + g*q - o = 0. What is the remainder when 10 is divided by z?
0
Suppose -3*m = 2*m - 100. Let j = m - 17. Suppose 3*u + 93 = j*x, 0 = -3*x - u - u + 88. Calculate the remainder when x is divided by 8.
6
Suppose -71 - 25 = 4*q - 3*g, 3*q - 5*g + 83 = 0. Let z(i) = 4*i + 135. What is the remainder when 610 is divided by z(q)?
49
Suppose 101*g - 19*g - 8774 = 0. What is the remainder when 394 is divided by g?
73
Let w(a) = -24*a - 1079. What is the remainder when 3143 is divided by w(-58)?
13
Suppose -31*n + 105 = -34*n. Let w = 190 + n. Let m = w + -114. Calculate the remainder when m is divided by 24.
17
Let f(w) = -w**2 + 28*w - 5. Let m be 670/25 - 6/(-30). What is the remainder when 129 is divided by f(m)?
19
Let i = -39 + 33. Let h be (4/28 + i/(-7))*0. Suppose -n + 70 - 13 = h. What is the remainder when n is divided by 14?
1
Suppose 10*o - 100 = 12*o. Let p = -45 - o. Suppose 3*b = b + 5*m + 105, 15 = p*m. Calculate the remainder when b is divided by 21.
18
Let a = 1313 + -730. Let k = a - 564. What is the remainder when 28 is divided by k?
9
Let b(c) = 29*c + 2342. Calculate the remainder when b(-41) is divided by 369.
46
Let n(d) = -d**3 + 10*d**2 + 8*d + 34. Let c be n(11). What is the remainder when (-7 + c)/((-66)/2134) is divided by 67?
60
Let t = 1278 - 857. Calculate the remainder when t is divided by 208.
5
Let f(p) = 2*p. Let t be f(1). Suppose s = 3*g + 23, -2*s + 0*g = -t*g - 42. What is the remainder when s is divided by (100 + -97)/(6/26)?
7
Suppose 0 = -3*p - 4*u + 55, p + 4*p = -4*u + 81. What is the remainder when (-3)/(-1 - 52/(-64)) is divided by p?
3
Let t be (2/3)/(5215/1302 + -4). Suppose 13*w - 9*w - t = 0. What is the remainder when 92/5*25/5 is divided by w?
30
Let q = 1250 - 69. Calculate the remainder when q is divided by 169.
167
Let n(g) = 26*g + 100. Let c(u) = -u**3 - 2*u**2 + 13*u + 17. Let y be c(-4). Calculate the remainder when n(y) is divided by 1.
0
Let g = 249 + -226. Suppose -n - r = -33 + 10, -2*n + 49 = -r. Let j = n + g. Calculate the remainder when j is divided by 24.
23
Let d be (-4)/((-8)/15)*10/15. Let y(i) = i**2 + 4*i - 27. What is the remainder when 83 is divided by y(d)?
11
Suppose 0 = -5*l + 3*b, -5*b = 3*l - 6*l - 16. What is the remainder when 0 + l - (-5)/2*26 is divided by 2?
0
Suppose 5 = 9*o - 8*o. Suppose 7 = 2*i - u, -9 = i + 4*u + 1. Suppose 3*l = i*y + 21, y + 12 = o*y. What is the remainder when 16 is divided by l?
7
Let y(o) be the third derivative of 2*o**5/15 - o**4/12 + o**3/2 - o**2. Let w = 521 - 518. Calculate the remainder when y(w) is divided by 35.
34
Let o be (-4)/(-1) + 5 + -4 + -2. Suppose b = d + 17, -7*b + o*d = -3*b - 73. What is the remainder when (-1140)/(-27) - 4/18 is divided by b?
20
Suppose f = -4*g + 137, -f + 6*f - 160 = -5*g. Let s = 70 + -49. Let x = s - 8. What is the remainder when g is divided by x?
9
Suppose 2*q + 1104 = 4*z, -z - 9*q + 14*q + 285 = 0. Calculate the remainder when z is divided by 2.
1
Suppose 5*p - 60 = 0, -37*j + 31*j + 1306 = p + 124. What is the remainder when j is divided by -2 + 58 + (1 - 2)?
30
Suppose -539 = 5*n + 1576. Let g = n + 484. Let z = 23 - 14. What is the remainder when g is divided by z?
7
Let y = -39 - -76. Suppose t + y = -8. Calculate the remainder when (-6)/t*51*15 is divided by 26.
24
Let h = 2220 + -2209. What is the remainder when 102 is divided by h?
3
Calculate the remainder when 260 is divided by 44 + 4 - (-9)/(27/(-21)).
14
Let n be (-2)/(((-9)/(-90))/((-4)/(-5))). Let c = 25 + n. Suppose -6*u - 378 = -c*u. Calculate the remainder when u is divided by 43.
40
Let i(r) = 115*r**2 + 111*r + 6. Calculate the remainder when i(-2) is divided by 100.
44
Suppose -g = -2*d + 27 + 669, -5*g - 3436 = d. Let b = 712 + g. Let l = 192 - 98. What is the remainder when l is divided by b?
22
Suppose 4*h + 1 - 153 = -2*z, -5*z + 5*h = -305. Calculate the remainder when z is divided by 20.
6
Suppose 574 - 4134 = -5*r + p, -3560 = -5*r + 4*p. Let v = -660 + r. Calculate the remainder when v is divided by 21.
10
Let d be 37*(0 - (1 - 0)) - 0. Let x = 63 - d. Suppose -5*s + 3*i + 176 = 0, 0*i - 70 = -2*s + i. What is the remainder when x is divided by s?
32
Let a = -3529 - -3671. Calculate the remainder when a is divided by 2.
0
What is the remainder when 2851 is divided by ((-364)/16 - -7)*(-44)/33?
16
Let g(o) = -o**2 + 29*o + 2. Let w be g(29). Suppose -3*a - 71 = -w*u, -2*u + 2*a = -54 - 22. What is the remainder when u is divided by 11?
10
Let t(g) = 1 - g**2 + 2 - 4 + 13*g. What is the remainder when (-1 + -45)*-2*30/24 is divided by t(10)?
28
Suppose 0 = 3*h - 3*c - 54, 0 = -h - 3*c + 44 - 22. Calculate the remainder when 253 is divided by h.
6
Let l(a) = a**2 - 18*a - 100. Let d be l(23). Suppose s - 288 = -d*s. What is the remainder when 139 is divided by s?
13
Let v(f) = 7*f**2 + 67*f - 15. Let i(q) = 33*q - 19. Let h be i(0). Calculate the remainder when v(h) is divided by 73.
71
Let z(y) = 1074*y - 2507. What is the remainder when z(10) is divided by 135?
133
Let c = -282 - -178. Let i = c + 165. What is the remainder when i is divided by 32?
29
Let t(z) = 58*z**2 - z + 1. Let c be 1/3 + 5/(-15). Suppose 2*m - 3*u - 38 = c, -159 + 43 = -5*m - 3*u. What is the remainder when t(1) is divided by m?
14
Suppose -13*r + 1799 = 928. What is the remainder when r is divided by 37?
30
Let v(w) = 9*w**2 + 142*w - 937. What is the remainder when v(6) is divided by ((-45)/6)/((-1)/2)?
14
Let s = 227 + -232. Let n(c) = c**3 + 16*c**2 + 46*c - 3. What is the remainder when n(s) is divided by 36?
6
Suppose -12*f + 8*f - 3*s = -2137, 3*f = s + 1619. What is the remainder when f is divided by 158?
64
Suppose -423*m + 446*m = 713. Calculate the remainder when 2811 is divided by m.
21
Let v(b) = -520*b + 7503. Calculate the remainder when v(11) is divided by 149.
144
Let h(g) = -g**3 - 52*g**2 - 193*g + 583. What is the remainder when h(-50) is divided by 54?
49
Let y be -3 + 2 - 3*-2. Let h be (68/10 - 8)*30/(-9). Suppose 0 = 4*a - 3*p - 492, 0 = y*a - h*p + 3*p - 615. What is the remainder when a is divided by 25?
23
Suppose -5*i + 2*h + 38 = 0, 5*i + 15 = 5*h + 50. Let r = 18 - i. Suppose -r = -3*c + 3*q - 4*q, -c - 2*q = -5. Calculate the remainder when 15 is divided by c.
0
Suppose 16291 = 56*b - 10869. Let t = b + -453. Calculate the remainder when 57 is divided by t.
25
Suppose 0 = -5*o - 10, -2*o + 38 = 5*v - o. Suppose 70 = 5*r + 233*a - 229*a, -4*a = 3*r - 34. Calculate the remainder when r is divided by v.
2
Suppose 2*q + 0*l - 3*l - 47 = 0, 4*q - 44 = -4*l. What is the remainder when 7*(28 - 14) + (2*-2 - -1) is divided by q?
15
Let d(c) = 3*c**3 - 3*c**2 + 4*c - 10. What is the remainder when (-6)/(-8) + 994/8 is divided by d(2)?
5
Let x = 110 + -825. Let m = x + 786. Calculate the remainder when 348 is divided by m.
64
Let f = -54 + 115. Let l(n) = -4*n**2 + 1095*n - 6410. What is the remainder when f is divided by l(6)?
13
Let b = 21422 + -11219. What is the remainder when b is divided by 157?
155
Let y(g) = g**3 + 75*g**2 + 151*g + 390. Suppose -p - r = -76, p - 3*r - 71 = -7. What is the remainder when p is divided by y(-73)?
23
Let c = 10133 + -4916. Calculate the remainder when c is divided by 87.
84
Suppose -14*b + 2495 = -445. What is the remainder when b is divided by 62?
24
What is the remainder when 1365 is divided by (-27 - (-15 - 13))*1*679?
7
Suppose -2*d - 196 = -5*g, 0 = g + 1 + 3. Let b = d + 165. Let f(l) = l**3 + 3*l**2 - 7*l - 12. Calculate the remainder when b is divided by f(3).
15
Suppose 5*a = 3*s + 331, 129*s - 250 = -4*a + 124*s. What is the remainder when 394 is divided by a?
4
Suppose -6*x - x - x + 280 = 0. Calculate the remainder when 409 is divided by x.
24
Let x(w) = -7*w - 19. Let k be x(-3). Suppose 3*q + 0*q + 26 = k*l, -4*l + 3*q + 58 = 0. Let j = -108 - -167. What is the remainder when j is divided by l?
11
Let l(z) be the second derivative of -3*z**3 - z**2/2 + 2*z.